{"id":1019,"date":"2025-03-26T22:08:17","date_gmt":"2025-03-26T19:08:17","guid":{"rendered":"https:\/\/www.teknevia.com\/blog\/?page_id=1019"},"modified":"2025-03-26T22:08:17","modified_gmt":"2025-03-26T19:08:17","slug":"uskudar-yat-kiralama","status":"publish","type":"page","link":"https:\/\/www.teknevia.com\/blog\/uskudar-yat-kiralama","title":{"rendered":"\u00dcsk\u00fcdar Yat Kiralama"},"content":{"rendered":"<h2><span style=\"font-weight: 400;\">\u00dcsk\u00fcdar Yat Kiralama<\/span><\/h2>\n<p><span style=\"font-weight: 400;\">\u0130stanbul Bo\u011faz\u0131\u2019n\u0131n tarihi ve k\u00fclt\u00fcrel simgelerinden biri olan \u00dcsk\u00fcdar, konumu ve atmosferiyle yat kiralama deneyimini \u00f6zel k\u0131lan nadir lokasyonlardan biridir. Son y\u0131llarda deniz \u00fczerinde ger\u00e7ekle\u015ftirilen etkinliklere olan ilginin artmas\u0131yla birlikte, <\/span><b>\u00dcsk\u00fcdar yat kiralama<\/b><span style=\"font-weight: 400;\"> hizmetleri de g\u00f6zle g\u00f6r\u00fcl\u00fcr \u015fekilde yayg\u0131nla\u015fmaktad\u0131r. Yat kiralayarak do\u011fum g\u00fcn\u00fc kutlamalar\u0131, kurumsal organizasyonlar, evlilik teklifleri ya da yaln\u0131zca \u0130stanbul\u2019un siluetini denizden izlemek isteyen bireyler i\u00e7in alternatif bir etkinlik alan\u0131 sunulmaktad\u0131r. Bo\u011faz&#8217;\u0131n Asya yakas\u0131nda yer alan \u00dcsk\u00fcdar, hem karayolu hem de deniz ula\u015f\u0131m\u0131 a\u00e7\u0131s\u0131ndan avantajl\u0131 bir noktada bulunur. Bu merkeziyet, \u00dcsk\u00fcdar yat kiralama tercihini daha cazip hale getirir.<\/span><\/p>\n<p><span style=\"font-weight: 400;\">\u00d6zellikle K\u0131z Kulesi, Mihrimah Sultan Camii, Beylerbeyi Saray\u0131 ve \u00c7aml\u0131ca tepesi manzaras\u0131 e\u015fli\u011finde yap\u0131lan deniz turlar\u0131, hem yerli hem de yabanc\u0131 ziyaret\u00e7iler i\u00e7in unutulmaz bir deneyime d\u00f6n\u00fc\u015fmektedir. Ayn\u0131 zamanda b\u00f6lgenin k\u00fclt\u00fcrel miras\u0131, yat \u00fczerinde ge\u00e7irilen zaman\u0131n de\u011ferini art\u0131ran e\u015fsiz bir \u00e7er\u00e7eve olu\u015fturur. Yat kiralama \u00dcsk\u00fcdar merkezli hizmetler, deniz tutkunlar\u0131na sadece ula\u015f\u0131m de\u011fil, ayn\u0131 zamanda Bo\u011faz\u2019\u0131n ritmini \u00f6zel anlara ta\u015f\u0131ma imk\u00e2n\u0131 da sunar. \u00d6zellikle yaz aylar\u0131nda artan talep, \u00dcsk\u00fcdar\u2019\u0131 yat kiralama a\u00e7\u0131s\u0131ndan \u0130stanbul\u2019un en aktif b\u00f6lgelerinden biri haline getirmi\u015ftir. Bu nedenle planlama yaparken profesyonel bir hizmet sa\u011flay\u0131c\u0131s\u0131 ile \u00e7al\u0131\u015fmak \u00f6nem arz eder.<\/span><\/p>\n<h2><span style=\"font-weight: 400;\">\u00dcsk\u00fcdar Yat Kiralama Se\u00e7enekleri<\/span><\/h2>\n<p><span style=\"font-weight: 400;\">\u00dcsk\u00fcdar yat kiralama pazar\u0131nda olduk\u00e7a geni\u015f bir hizmet yelpazesi sunulmaktad\u0131r. Kullan\u0131c\u0131lar, farkl\u0131 ihtiya\u00e7lara ve b\u00fct\u00e7elere uygun olarak \u00e7e\u015fitli yat tipleri aras\u0131ndan se\u00e7im yapabilir. Tek g\u00f6vdeli motor yatlar, \u00e7ift katl\u0131 l\u00fcks yatlar, retro tasar\u0131ma sahip nostaljik tekneler ya da \u00f6zel g\u00fcnler i\u00e7in donat\u0131lm\u0131\u015f vip yatlar b\u00f6lgede s\u0131k\u00e7a tercih edilen se\u00e7enekler aras\u0131ndad\u0131r. \u00d6zellikle \u00dcsk\u00fcdar l\u00fcks yat kiralama talepleri, kurumsal etkinlik ve d\u00fc\u011f\u00fcn organizasyonlar\u0131 gibi daha b\u00fcy\u00fck ve kapsaml\u0131 planlamalarda \u00f6n plana \u00e7\u0131kmaktad\u0131r. \u00dcsk\u00fcdar yat kiralama hizmetleri aras\u0131nda saatlik, g\u00fcnl\u00fck, gecelik ya da \u00f6zel rota i\u00e7eren konsept turlar yer al\u0131r. \u00d6rne\u011fin \u00dcsk\u00fcdar saatlik yat kiralama, k\u0131sa s\u00fcreli bo\u011faz turlar\u0131 i\u00e7in ekonomik ve pratik bir se\u00e7enektir. Bu model genellikle \u00f6zel g\u00fcn kutlamalar\u0131 ve s\u00fcrpriz organizasyonlar i\u00e7in tercih edilir.<\/span><\/p>\n<p><span style=\"font-weight: 400;\">Di\u011fer yandan <\/span><b>\u00dcsk\u00fcdar g\u00fcnl\u00fck yat kiralama<\/b><span style=\"font-weight: 400;\"> hizmeti, daha uzun soluklu bir rota deneyimi i\u00e7in uygundur. Bu t\u00fcr kiralama bi\u00e7imi, \u0130stanbul d\u0131\u015f\u0131na a\u00e7\u0131lmak isteyen gruplar taraf\u0131ndan da kullan\u0131labilir. \u00dcsk\u00fcdar vip yat kiralama se\u00e7ene\u011fi ise konfor ve gizlilik arayan kullan\u0131c\u0131lar i\u00e7in tasarlanm\u0131\u015ft\u0131r. Genellikle \u00f6zel misafir a\u011f\u0131rlamalar\u0131 ve y\u00fcksek profilli organizasyonlarda tercih edilen bu hizmetler, yat i\u00e7i ikram, \u00f6zel garson, DJ ve dekorasyon gibi ekstralarla zenginle\u015ftirilebilir. T\u00fcm bu se\u00e7eneklerin \u00dcsk\u00fcdar yat kiralama kapsam\u0131nda, \u0130stanbul\u2019un merkezine olan yak\u0131nl\u0131\u011f\u0131 ve ula\u015f\u0131m kolayl\u0131\u011f\u0131 sayesinde kullan\u0131c\u0131lar a\u00e7\u0131s\u0131ndan eri\u015filebilirli\u011fi art\u0131rmaktad\u0131r.<\/span><\/p>\n<h2><span style=\"font-weight: 400;\">\u00dcsk\u00fcdar Yat Kiralama Hizmetini Almadan \u00d6nce Dikkat Edilmesi Gereken Detaylar<\/span><\/h2>\n<p><span style=\"font-weight: 400;\">Her ne kadar \u00dcsk\u00fcdar yat kiralama hizmetleri geni\u015f bir \u00e7er\u00e7evede sunulsa da, karar s\u00fcrecinde dikkat edilmesi gereken \u00f6nemli detaylar bulunmaktad\u0131r. \u0130lk olarak, kullan\u0131lacak yat\u0131n kapasitesi, kat\u0131l\u0131mc\u0131 say\u0131s\u0131na g\u00f6re uyumlu olmal\u0131d\u0131r. \u00d6zellikle yaz sezonunda olu\u015fan yo\u011funluk nedeniyle erken rezervasyon \u00f6nerilir. Kiralama s\u00fcresinin belirlenmesi de bu noktada \u00f6nemlidir. Baz\u0131 kullan\u0131c\u0131lar i\u00e7in \u00dcsk\u00fcdar gecelik yat kiralama ideal bir tercih olabilirken, baz\u0131lar\u0131 i\u00e7in saatlik ya da g\u00fcn\u00fcbirlik turlar daha uygundur. Planlanan etkinli\u011fin konsepti do\u011frultusunda yat\u0131n donan\u0131m\u0131 incelenmelidir. M\u00fczik sistemi, ikram kapasitesi, g\u00fcne\u015flenme alan\u0131 ya da kapal\u0131 salon gibi detaylar etkinli\u011fin kalitesini do\u011frudan etkiler. Yatlar\u0131n t\u00fcm yasal belgelerinin tam oldu\u011fundan ve personelin gerekli lisanslara sahip bulundu\u011fundan emin olunmal\u0131d\u0131r.<\/span><\/p>\n<p><b>Yat kiralama \u00dcsk\u00fcdar<\/b><span style=\"font-weight: 400;\"> b\u00f6lgesinde yap\u0131lan bir faaliyet oldu\u011fundan, rotalar\u0131n yo\u011funluk durumuna g\u00f6re belirlenmesi gereklidir. \u00d6zellikle Bo\u011faz hatt\u0131nda belirli saatlerde trafik olu\u015fabilmektedir. Bu nedenle organizasyon saatleri titizlikle planlanmal\u0131d\u0131r. \u00dcsk\u00fcdar yat kiralama s\u00fcrecinde bu gibi planlamalar \u00f6nemli rol oynar. \u0130ptal ve de\u011fi\u015fiklik ko\u015fullar\u0131 da mutlaka s\u00f6zle\u015fmeye dahil edilmelidir. Hava ko\u015fullar\u0131na ba\u011fl\u0131 olarak seyir iptalleri ya da saat de\u011fi\u015fiklikleri ya\u015fanabilece\u011finden bu detaylar \u00f6nceden yaz\u0131l\u0131 olarak belirlenmelidir. B\u00f6ylece \u00dcsk\u00fcdar yat kiralama deneyimi, olas\u0131 s\u00fcrprizlerle g\u00f6lgelenmez.<\/span><\/p>\n<h2><span style=\"font-weight: 400;\">\u00dcsk\u00fcdar Yat Kiralama Hizmetleri Nelerdir?<\/span><\/h2>\n<p><span style=\"font-weight: 400;\">\u00dcsk\u00fcdar yat kiralama hizmetleri yaln\u0131zca teknenin kiralanmas\u0131 ile s\u0131n\u0131rl\u0131 de\u011fildir. Organizasyonun niteli\u011fine g\u00f6re bir\u00e7ok ekstra hizmet sunulmaktad\u0131r. M\u00fczikli e\u011flence sistemleri, profesyonel DJ temini, canl\u0131 m\u00fczik grubu, foto\u011fraf ve video \u00e7ekimi, yiyecek-i\u00e7ecek servisi, s\u00fcsleme ve konsept \u00e7al\u0131\u015fmalar\u0131 gibi destekleyici hizmetler mevcuttur. <\/span><b>\u00dcsk\u00fcdar \u00f6zel yat kiralama<\/b><span style=\"font-weight: 400;\"> taleplerinde bu hizmetler daha da \u00f6nem kazanmaktad\u0131r. Evlilik teklifi, do\u011fum g\u00fcn\u00fc partisi, y\u0131l d\u00f6n\u00fcm\u00fc kutlamalar\u0131 ya da kurumsal tan\u0131t\u0131m organizasyonlar\u0131nda t\u00fcm detaylar ki\u015fiye \u00f6zel olarak planlanmaktad\u0131r. \u00d6zellikle yatlar\u0131n i\u00e7erisine kurulabilen a\u00e7\u0131k b\u00fcfe alanlar\u0131, pasta kesimi alanlar\u0131 ve konuk a\u011f\u0131rlama b\u00f6l\u00fcmleri etkinli\u011fe zenginlik katmaktad\u0131r.<\/span><\/p>\n<p><span style=\"font-weight: 400;\">\u00dcsk\u00fcdar g\u00fcn\u00fcbirlik yat kiralama hizmetleri ile Bo\u011faz turu d\u0131\u015f\u0131nda Adalar, Kilyos ya da \u015eile rotalar\u0131 da tercih edilebilmektedir. Bu rotalar do\u011frudan kiralama kapsam\u0131na al\u0131nabilece\u011fi gibi, ekstra s\u00fcre ve \u00fccretlendirme kar\u015f\u0131l\u0131\u011f\u0131nda planlanabilir. \u00dcsk\u00fcdar yat kiralama hizmetlerinde rota \u00e7e\u015fitlili\u011fi, kullan\u0131c\u0131lar\u0131n beklentilerine g\u00f6re \u015fekillenmektedir. \u00dcsk\u00fcdar\u2019\u0131n tarihi dokusu, bu tarz etkinlikleri daha \u00f6zel k\u0131lar. K\u0131z Kulesi fonunda yap\u0131lan bir evlilik teklifi ya da tarihi yal\u0131lar\u0131n \u00f6n\u00fcnde d\u00fczenlenen bir kutlama, \u015fehirde ya\u015fanabilecek en \u00f6zg\u00fcn deneyimlerden biri olarak \u00f6ne \u00e7\u0131kar. Bu ba\u011flamda \u00dcsk\u00fcdar l\u00fcks yat kiralama talepleri \u00f6zellikle bu gibi unutulmaz anlar\u0131n sahnesi olmaktad\u0131r. Profesyonel \u00e7\u00f6z\u00fcmler sunan Teknevia, \u00dcsk\u00fcdar yat kiralama s\u00fcrecinde beklentilere uygun planlamalarla \u00f6ne \u00e7\u0131kar.<\/span><\/p>\n<h2><span style=\"font-weight: 400;\">\u00dcsk\u00fcdar Yat Kiralama Fiyatlar\u0131<\/span><\/h2>\n<p><span style=\"font-weight: 400;\">Yat kiralama fiyatlar\u0131, bir\u00e7ok parametreye g\u00f6re de\u011fi\u015fkenlik g\u00f6stermektedir. \u00d6ncelikle kiralama s\u00fcresi bu de\u011fi\u015fkenlerin ba\u015f\u0131nda gelir. \u00dcsk\u00fcdar saatlik yat kiralama ile \u00dcsk\u00fcdar g\u00fcnl\u00fck yat kiralama hizmetleri aras\u0131nda ciddi bir maliyet fark\u0131 olabilir. Ayr\u0131ca yat\u0131n tipi, kapasitesi ve donan\u0131m\u0131 fiyatlar\u0131 do\u011frudan etkiler. Ek hizmetler de fiyatland\u0131rma \u00fczerinde belirleyici rol oynar. Profesyonel DJ, \u00f6zel men\u00fc, dekorasyon, canl\u0131 m\u00fczik gibi ekstralar, toplam kiralama bedeline dahil edilebilir. Bununla birlikte sezonluk yo\u011funluk da fiyatlar\u0131 etkileyen fakt\u00f6rler aras\u0131nda yer al\u0131r. \u00d6zellikle yaz ve ilkbahar aylar\u0131nda, talep y\u00fcksek oldu\u011fu i\u00e7in \u00dcsk\u00fcdar yat kiralama fiyatlar\u0131 d\u00f6nemsel olarak art\u0131\u015f g\u00f6sterebilir.<\/span><\/p>\n<p><span style=\"font-weight: 400;\">Yat\u0131n kalk\u0131\u015f noktas\u0131 da fiyatland\u0131rmaya etki eder. \u00dcsk\u00fcdar yat kiralama hizmetlerinde, iskele hizmet bedelleri ve demirleme \u00fccretleri fiyata yans\u0131yabilir. Ayn\u0131 \u015fekilde \u00dcsk\u00fcdar kiral\u0131k yat fiyatlar\u0131, kalk\u0131\u015f saatine, etkinli\u011fin s\u00fcresine ve hizmet i\u00e7eri\u011fine g\u00f6re belirlenmektedir. Genel olarak de\u011ferlendirilirse, <\/span><b>\u00dcsk\u00fcdar kiral\u0131k yat<\/b><span style=\"font-weight: 400;\"> hizmetleri aras\u0131nda her b\u00fct\u00e7eye uygun se\u00e7enek bulmak m\u00fcmk\u00fcnd\u00fcr. K\u00fc\u00e7\u00fck gruplar i\u00e7in ekonomik motor yatlar sunulurken, daha b\u00fcy\u00fck organizasyonlar i\u00e7in l\u00fcks se\u00e7enekler de mevcuttur. \u00d6rne\u011fin <\/span><a href=\"https:\/\/www.teknevia.com\/kucukyali-yat-kiralama\"><span style=\"font-weight: 400;\">K\u00fc\u00e7\u00fckyal\u0131 kiral\u0131k yat<\/span><\/a><span style=\"font-weight: 400;\"> fiyatlar\u0131 ile \u00dcsk\u00fcdar\u2019da sunulan l\u00fcks yat se\u00e7enekleri aras\u0131nda fark olmas\u0131 do\u011fald\u0131r.<\/span><\/p>\n<p><span style=\"font-weight: 400;\">Tercih edilen yat t\u00fcr\u00fcne, etkinlik detaylar\u0131na ve hizmet kapsam\u0131na g\u00f6re de\u011fi\u015fen fiyat yap\u0131lar\u0131yla her kullan\u0131c\u0131ya hitap edebilecek bir alan yarat\u0131lm\u0131\u015ft\u0131r. Bu kapsamda kullan\u0131c\u0131lar\u0131n profesyonel hizmet sa\u011flay\u0131c\u0131larla \u00e7al\u0131\u015farak, ihtiya\u00e7lar\u0131na uygun \u00e7\u00f6z\u00fcmler bulmalar\u0131 b\u00fcy\u00fck \u00f6nem ta\u015f\u0131r. \u00dcsk\u00fcdar yat kiralama hizmeti almay\u0131 d\u00fc\u015f\u00fcnen kullan\u0131c\u0131lar\u0131n, planlama a\u015famas\u0131nda uzman g\u00f6r\u00fc\u015flerinden faydalanmalar\u0131, s\u00fcreci daha sorunsuz h\u00e2le getirecektir. G\u00fcvenli, kaliteli ve zaman\u0131nda hizmet almak isteyen kullan\u0131c\u0131lar i\u00e7in do\u011fru planlama ve do\u011fru tercih belirleyici olacakt\u0131r. \u0130stanbul\u2019un farkl\u0131 b\u00f6lgelerinde de \u00e7e\u015fitli hizmet se\u00e7enekleri mevcuttur. \u00d6rne\u011fin <\/span><a href=\"https:\/\/www.teknevia.com\/besiktas-yat-kiralama\"><span style=\"font-weight: 400;\">Be\u015fikta\u015f \u00f6zel yat kiralama<\/span><\/a><span style=\"font-weight: 400;\"> hizmetleri de Avrupa yakas\u0131nda tercih edilen se\u00e7enekler aras\u0131nda yer almaktad\u0131r. Ancak \u00dcsk\u00fcdar yat kiralama, \u00dcsk\u00fcdar\u2019\u0131n merkezi konumu ve tarih\u00ee arka plan\u0131 sayesinde yat kiralama deneyimine e\u015fsiz bir boyut kazand\u0131rmaktad\u0131r. Bu anlamda Teknevia, farkl\u0131 b\u00fct\u00e7e ve taleplere hitap eden \u00e7\u00f6z\u00fcmleriyle bu ihtiyac\u0131 kar\u015f\u0131lamaktad\u0131r.<\/span><\/p>\n<p>&nbsp;<\/p>\n","protected":false},"excerpt":{"rendered":"<p>\u00dcsk\u00fcdar Yat Kiralama \u0130stanbul Bo\u011faz\u0131\u2019n\u0131n tarihi ve k\u00fclt\u00fcrel simgelerinden biri olan \u00dcsk\u00fcdar, konumu ve atmosferiyle yat kiralama deneyimini \u00f6zel k\u0131lan nadir lokasyonlardan biridir. Son y\u0131llarda deniz \u00fczerinde ger\u00e7ekle\u015ftirilen etkinliklere olan ilginin artmas\u0131yla birlikte, \u00dcsk\u00fcdar yat kiralama hizmetleri de g\u00f6zle g\u00f6r\u00fcl\u00fcr \u015fekilde yayg\u0131nla\u015fmaktad\u0131r. Yat kiralayarak do\u011fum g\u00fcn\u00fc kutlamalar\u0131, kurumsal organizasyonlar, evlilik teklifleri ya da yaln\u0131zca \u0130stanbul\u2019un [&hellip;]<\/p>\n","protected":false},"author":1,"featured_media":0,"parent":0,"menu_order":0,"comment_status":"closed","ping_status":"closed","template":"","meta":[],"_links":{"self":[{"href":"https:\/\/www.teknevia.com\/blog\/wp-json\/wp\/v2\/pages\/1019"}],"collection":[{"href":"https:\/\/www.teknevia.com\/blog\/wp-json\/wp\/v2\/pages"}],"about":[{"href":"https:\/\/www.teknevia.com\/blog\/wp-json\/wp\/v2\/types\/page"}],"author":[{"embeddable":true,"href":"https:\/\/www.teknevia.com\/blog\/wp-json\/wp\/v2\/users\/1"}],"replies":[{"embeddable":true,"href":"https:\/\/www.teknevia.com\/blog\/wp-json\/wp\/v2\/comments?post=1019"}],"version-history":[{"count":1,"href":"https:\/\/www.teknevia.com\/blog\/wp-json\/wp\/v2\/pages\/1019\/revisions"}],"predecessor-version":[{"id":1020,"href":"https:\/\/www.teknevia.com\/blog\/wp-json\/wp\/v2\/pages\/1019\/revisions\/1020"}],"wp:attachment":[{"href":"https:\/\/www.teknevia.com\/blog\/wp-json\/wp\/v2\/media?parent=1019"}],"curies":[{"name":"wp","href":"https:\/\/api.w.org\/{rel}","templated":true}]}}